 remainder when g is divided by h.
4
Suppose 0 = 2*v + 3 - 7, -r + 63 = 4*v. Calculate the remainder when 163 is divided by r.
53
Suppose 261 = 2*k + 87. Let c = k - 69. What is the remainder when 105 is divided by c?
15
Let d = -180 + 221. What is the remainder when 53 is divided by d?
12
Let n be 60/(-50) - 2/(-10). What is the remainder when (75/45)/(n/(-3)) is divided by 3?
2
What is the remainder when ((-1)/(-5))/(203/1468705) is divided by 23?
21
Suppose -15*m = -34*m - 209. Let n(h) = -h**3 - 3*h**2 + 7*h + 6. Let z be n(-4). Let d = z - m. Calculate the remainder when 17 is divided by d.
2
Let g(f) = -2*f + 26. Suppose 0 = 4*t + 4*v - 44, 3*t - 2*v + v - 25 = 0. What is the remainder when g(-9) is divided by t?
8
Let o be 0/((-4)/(-2 - 2)). Calculate the remainder when 15 is divided by o + (15/3 - 1).
3
Let c(v) = 25*v + 4. Let o(d) = -50*d - 9. Let i(j) = -7*c(j) - 3*o(j). What is the remainder when i(-3) is divided by 39?
35
Let r be (-21 - (1 + -3))/(-1). Suppose -24*p + r*p + 95 = 0. Calculate the remainder when 49 is divided by p.
11
Let h(n) = n**2 + 12*n - 10. Let y be h(-9). Calculate the remainder when 118 is divided by y/(-3) + (39/(-9) - -4).
10
Suppose -15*d + 1425 = 4*d. What is the remainder when d is divided by 23?
6
Suppose 46*a + 48 = 49*a. Calculate the remainder when 216 is divided by a.
8
Let q(r) be the second derivative of 5*r + 0 - 2*r**3 + 5/2*r**2 + 1/12*r**4. What is the remainder when q(13) is divided by 7?
4
Suppose 7*v - 4*v + f - 38 = 0, 0 = 4*v + 4*f - 56. Suppose 117*h = 103*h + 630. What is the remainder when h is divided by v?
9
Let b be 16 + 4/(-20)*0. Suppose -b*y = -14*y - 28. What is the remainder when 27 is divided by y?
13
Suppose 3*l - 12 = -69. Let a = -11 - l. What is the remainder when 18/2*70/21 is divided by a?
6
Let f = -11 - -20. Let i = -12 - -14. Suppose -3*g + 43 = -r, g + i*g = -r + 47. Calculate the remainder when g is divided by f.
6
Suppose -5*h + 22*w + 164 = 24*w, -3*h + 102 = 3*w. Calculate the remainder when h is divided by 31.
1
Let g = 96 - 90. What is the remainder when 20 is divided by g?
2
Let w = 403 + -374. What is the remainder when 111 is divided by w?
24
Let w(q) = -3*q + 12*q - 10 + 2*q + 11. Suppose 10 = t - u, u - 3 = -2*t + 23. What is the remainder when w(2) is divided by t?
11
Suppose 3*k = -i - 6, -5*i = -2*i + k - 6. Let r = i + 27. Calculate the remainder when r is divided by 8.
6
Let q(a) = a**2 + 7*a + 1. Suppose 80 = 6*m - m. What is the remainder when q(-11) is divided by m?
13
Suppose -3*h = -5*m + 103, -2*m + 6*m - 104 = -3*h. What is the remainder when (-614)/(-14) - (-3)/21 is divided by m?
21
Suppose 4*a - 25 = -a. Suppose -a*s + 3*y + 39 = 0, 3*y + 5 = s + y. Suppose o = 7 + s. What is the remainder when 45 is divided by o?
13
Let s(l) = 5*l + 2. What is the remainder when s(6) is divided by 6*7/6*(-22)/(-14)?
10
What is the remainder when (-2)/6 + (530/15 - 0) is divided by 15?
5
Suppose 4*o = 3*v + 33 + 42, 0 = 5*o - 4*v - 93. What is the remainder when 209 is divided by o?
20
Let g = 6 - -28. Suppose -2265 = -23*f + 58. What is the remainder when f is divided by g?
33
Suppose 3*r + 5*z = 2*r + 28, -4*z + 128 = 3*r. Suppose -2*b + 28 = c, 2*c + r = 3*b + 118. Calculate the remainder when c is divided by 7.
4
Suppose 5*f + 4*z - 52 = 0, -6*f - 4*z + 28 = -4*f. Let h(p) = -5 + f - 4*p - 12. What is the remainder when h(-13) is divided by 11?
10
Let x = -4 - -10. What is the remainder when ((-9)/x)/(1345/340 + -4) is divided by 19?
15
Let l(z) = 2*z**2 + 6*z - 3. Let d = 126 + -110. Suppose 7*g + d = 11*g. What is the remainder when l(-5) is divided by g?
1
What is the remainder when (-3220)/(-18) + 16/144 is divided by 60?
59
Let d(n) = -n**3 + 74*n**2 - 48*n - 66. Calculate the remainder when d(73) is divided by 43.
39
Suppose -2475 = -50*i + 5*i. What is the remainder when i is divided by 17?
4
Let v be (-8)/(-20)*(-4 + 0 - -9). Suppose f - 34 = -2*o, -v*f - 5*o = -2*o - 66. What is the remainder when f is divided by 1/(-4) + 90/8?
8
Suppose -14 = u + 44. Let h = -41 - u. Calculate the remainder when 81 is divided by h.
13
Let x(s) = 6*s + 27. Let t be x(-4). Suppose -3*g - 44 + 122 = t*f, -110 = -5*g - f. What is the remainder when 58 is divided by g?
16
Suppose 3 = -3*y + 15. Suppose -2*a = -8, x - y*a = -2*x + 146. What is the remainder when x is divided by 19?
16
Let b(t) = 4*t**2 - 2*t + 1. Let v be (-15)/3 - -3 - -4. Calculate the remainder when 49 is divided by b(v).
10
Let n(x) be the third derivative of -x**5/60 + 13*x**4/24 - 7*x**3/3 + 7*x**2. Calculate the remainder when n(6) is divided by 10.
8
Let o = -56 + 75. What is the remainder when 55 is divided by o?
17
Let t(f) = 19*f - 1. Let h = -166 - -233. Calculate the remainder when h is divided by t(1).
13
Suppose -6*v - 79 = -1. Let w(a) = 10*a - 2*a - 15 - 2*a**2 + 3*a + 3*a**2. Calculate the remainder when w(v) is divided by 3.
2
Let z = -943 + 972. What is the remainder when 1389 is divided by z?
26
Let b = 2697 - 2185. What is the remainder when b is divided by 52?
44
Suppose -2*l = 3*l - 375. Suppose w = -4*w - l. Let b = w + 27. Calculate the remainder when 23 is divided by b.
11
Let h = 2319 + -2238. What is the remainder when h is divided by 12?
9
Let o = -1214 - -1224. Let w(r) = 2*r**2 - 6*r + 3. Let f be w(4). Suppose o*n = f*n - 60. Calculate the remainder when n is divided by 21.
18
Let b = 887 + -864. Calculate the remainder when 178 is divided by b.
17
Let y(b) = -b**2 - 7*b + 189. Calculate the remainder when 104 is divided by y(-16).
14
Suppose 2*w - 3*q = 37, 2*q - 36 = -5*w + 2*w. Suppose 0 = 23*i - 60*i + 1480. What is the remainder when i is divided by w?
12
Let f(c) = -c + 5. Let d be f(2). Suppose 0 = d*s - 6*s + 123. Calculate the remainder when s is divided by 11.
8
Let g(p) = p**2 + 15*p + 8. Let c be g(-9). Let z = c + 57. Calculate the remainder when z is divided by 7.
4
Let d be 1/4 - (-95)/20. Suppose 4*a = -2*x + 306, -d*a + a - 5*x + 303 = 0. What is the remainder when -12 + a - (0 - -4) is divided by 21?
19
What is the remainder when 354 is divided by 87 - ((-4)/(-3))/(12/(-36))?
81
Let i(y) = 124*y + 1673. What is the remainder when i(0) is divided by 25?
23
Let x = -81 + 123. Suppose 39*w - x*w = -78. Calculate the remainder when 2028/20 - (-2)/(-5) is divided by w.
23
Let x(t) = t**2 + 6*t + 7. Let k be x(-5). What is the remainder when ((-46)/k)/(-9 - -8) is divided by 8?
7
Suppose 3*z + 0*u - 4*u = 100, -132 = -4*z + 5*u. Calculate the remainder when 33 is divided by z.
5
Let r = -13 + 0. Let w(g) = g**2 + 12*g - 14. Let t be w(r). Calculate the remainder when 6 is divided by t - (-3 + (-1)/1).
0
Suppose 4 = -m + 6. Let r = -19 + 24. Calculate the remainder when r is divided by m.
1
Let z = 1364 - 1142. What is the remainder when z is divided by 59?
45
Let r(s) = s**3 + 6*s**2 - 2*s. Let g be 3/6 + 55/(-10). Let u be r(g). Let h = -25 + u. Calculate the remainder when 27 is divided by h.
7
Let f(m) = -m + 4. Let b be f(-2). Suppose z + 5 - b = 0. Let p = 9 - 6. What is the remainder when p is divided by z?
0
What is the remainder when (-12)/102 + (-91812)/(-102) is divided by 11?
9
Suppose -4*i + 7 = m, 5*i = -4*m + 2 - 7. Suppose -i*o + 4*d + 28 = o, -5*d - 17 = -3*o. What is the remainder when 17 is divided by o?
8
Let n = 1050 + -803. What is the remainder when n is divided by 65?
52
Calculate the remainder when (26 + -16)/((16/6)/4) is divided by -1*(-6 + 1)*2.
5
Suppose 0 = -15*k + 93 - 33. Suppose 0*s - k*s - 5*a = -70, -4*s = -4*a - 88. Calculate the remainder when s is divided by 4.
0
Suppose -a = 4*a - 410. Let d(z) = -6*z**2 - 57*z - 6. What is the remainder when a is divided by d(-9)?
19
Suppose 23*i + 27 = 26*i. What is the remainder when 16 is divided by i?
7
Let g = 79 - 79. Suppose g = 5*z - 60 - 10. Calculate the remainder when 27 is divided by z.
13
Suppose 0 = -5*m + 5*h + 25, h - 2*h = -1. Suppose -m*b + 68 = -2*b. Let q(x) = x**3 - 17*x**2 - 19*x + 27. Calculate the remainder when b is divided by q(18).
8
Suppose -5*f = -2*l + 38, -l + 0*l = 3*f - 8. Let b = 26 - l. Suppose r = 0, 0 = 3*u - 5*u + 4*r + 42. Calculate the remainder when u is divided by b.
9
Let p(y) = 9*y - 24. Let s be p(10). Suppose s = z + 2*n, 85 = -5*z 